g**3 + g**2 - 618*g + 617. Determine t(1).
41
Let d(z) = 20*z**3 - 214*z**2 - 23*z - 440. Determine d(11).
33
Let v(q) = -55191*q - 55288. What is v(-1)?
-97
Let o(h) = 6*h + 559. Determine o(-12).
487
Let m(k) = 63266*k - 1581742. Give m(25).
-92
Let l(g) = g**2 + 258*g - 4504. What is l(-275)?
171
Let t(r) = r**3 + 13*r**2 - 734*r - 8726. Give t(-13).
816
Let f(n) = -23058*n - 116327. Calculate f(-5).
-1037
Let m(o) = 1720*o**2 + 216*o - 216. Calculate m(1).
1720
Let v(b) = -3*b**3 - 163*b**2 + 1741*b + 5. Give v(10).
-1885
Let y(c) = 2807*c - 38750. Determine y(14).
548
Let d(a) = -a**3 - 189*a**2 - 3206*a + 4135. Give d(-170).
55
Let d(o) = -5311*o**2 + 5285*o + 5. Determine d(1).
-21
Let x(f) = 2*f**2 + 1290*f + 35771. Determine x(-29).
43
Let l(g) = -2*g**2 + 847*g - 63717. Give l(98).
81
Let k(x) = -575*x - 623. Calculate k(-2).
527
Let z(o) = 14014*o**2 - 112112*o - 1. Calculate z(8).
-1
Let x(d) = 6283*d + 56304. Give x(-9).
-243
Let r(q) = -3*q**2 - 57799*q - 1443100. Determine r(-25).
0
Let m(i) = i**2 - 268*i - 24007. Give m(-77).
2558
Let t(z) = -137897*z - 1241123. Calculate t(-9).
-50
Let f(q) = -3*q**3 - 846*q**2 + 2591*q + 7414. Calculate f(-285).
4
Let x(n) = 7107*n - 1066037. What is x(150)?
13
Let w(m) = -31228*m - 55086189. Determine w(-1764).
3
Let w(p) = -153*p + 24577. What is w(164)?
-515
Let j(g) = -4572*g - 45256. Determine j(-10).
464
Let w(z) = -z**3 - 234*z**2 + 7935*z - 427. What is w(30)?
23
Let v(w) = -w**3 - 18*w**2 + 104*w + 1413. Calculate v(-19).
-202
Let q(w) = 2*w**2 + 183382*w - 366754. Give q(2).
18
Let h(p) = 12*p**2 + 107*p + 680. What is h(-6)?
470
Let i(w) = 13180*w + 105406. Calculate i(-8).
-34
Let y(x) = x**3 - x**2 + 254*x + 922. Determine y(0).
922
Let j(l) = l**3 + 28*l**2 - 447*l - 52. Calculate j(-39).
650
Let w(o) = -11*o**3 - 94*o**2 - 67*o - 148. What is w(-8)?
4
Let l(t) = -t**2 + 380*t - 25111. Give l(85).
-36
Let k(t) = -12*t**2 - 1086*t - 1633. Determine k(-89).
-31
Let y(q) = 168*q - 54538. Determine y(315).
-1618
Let x(l) = l**3 + 15*l**2 + 41*l + 583. Give x(-15).
-32
Let q(t) = 254*t - 19842. Determine q(80).
478
Let u(l) = -217710*l - 2177094. Give u(-10).
6
Let o(z) = z**3 + 1753*z**2 + 5248*z. Calculate o(-3).
6
Let d(b) = -2*b**2 + 17003*b - 1113513. Calculate d(66).
-27
Let p(s) = -5*s**3 + 64*s**2 + 106*s + 615. Calculate p(-6).
3363
Let r(j) = j**2 + 16*j + 358. Give r(-23).
519
Let d(y) = -3*y**3 - 919*y**2 + 9495*y - 93. Calculate d(10).
-43
Let r(o) = -806*o - 31900. Give r(-40).
340
Let t(w) = w**3 + 16*w**2 - 95*w - 145. Give t(-20).
155
Let b(f) = -26*f**2 + 1042*f - 9375. What is b(9)?
-2103
Let o(c) = c**3 + 175*c**2 - 185*c - 1846. What is o(-176)?
-262
Let y(q) = -13*q**2 - 8712*q - 217733. Calculate y(-26).
-9
Let k(c) = 48*c**3 - 3985*c**2 + 111*c - 2255. Give k(83).
69
Let l(g) = -g**3 - 65*g**2 - 750*g + 845. What is l(-49)?
-821
Let t(d) = -312*d**2 - 29979*d + 92. Determine t(-96).
2684
Let f(l) = 15871*l - 63657. Calculate f(4).
-173
Let n(p) = -2*p**3 - 117*p**2 - 1523*p - 60. What is n(-40)?
1660
Let j(f) = -2*f**3 + 408*f**2 - 4810*f - 2028. Determine j(13).
0
Let y(m) = -2*m**3 + 34*m**2 + 355*m - 36. Calculate y(-8).
324
Let a(u) = -26*u**3 + 1636*u**2 + 138*u - 794. Determine a(63).
-38
Let d(k) = -2*k**2 - 27783*k - 83321. What is d(-3)?
10
Let u(d) = 8*d**2 - 172*d - 3491. What is u(-13)?
97
Let l(r) = -115*r + 2454. What is l(18)?
384
Let y(z) = -3175*z + 234. Determine y(-1).
3409
Let r(o) = o**3 - 99*o**2 + 1900*o + 193. Determine r(72).
-2975
Let d(i) = -6*i**2 + 4842*i - 660847. Calculate d(633).
5
Let z(g) = -39094*g + 469132. Determine z(12).
4
Let y(b) = -103*b + 1087. What is y(6)?
469
Let y(d) = -d**3 - 20*d**2 - 5264*d - 99656. Give y(-19).
-1
Let x(b) = 3162*b + 72694. What is x(-23)?
-32
Let v(o) = -146*o + 3847. Determine v(43).
-2431
Let y(f) = 142*f - 2716. Give y(21).
266
Let f(n) = 7*n**2 - 3699*n + 50442. Give f(14).
28
Let r(o) = o**2 + 29302*o + 1550189. Calculate r(-53).
-8
Let v(q) = -31*q**2 + 13*q + 43. What is v(3)?
-197
Let x(l) = 260*l + 1430. Calculate x(-5).
130
Let f(y) = 11*y**2 + 34706*y - 277884. Calculate f(8).
468
Let m(o) = -11*o**2 - 5081*o + 21009. Determine m(-466).
39
Let f(u) = -u**3 + 1865*u**2 - 10250*u - 5418. Calculate f(6).
6
Let y(j) = -j**3 - 32*j**2 + 518*j - 29. Calculate y(12).
-149
Let k(y) = 991*y + 24597. Calculate k(-22).
2795
Let m(r) = 6*r**3 - 819*r**2 + 409*r - 141. Give m(136).
-5
Let b(v) = 9*v**2 + 1445*v + 5044. Calculate b(-157).
20
Let q(g) = 26027*g + 3513636. Determine q(-135).
-9
Let a(p) = 333*p + 74235. Give a(-219).
1308
Let k(u) = -u**3 + 37*u**2 + 339*u + 812. Determine k(45).
-133
Let h(a) = 11*a**2 + 254*a + 36. Determine h(-28).
1548
Let l(o) = -3*o**3 + 117*o**2 - 1042*o + 1304. What is l(11)?
6
Let s(w) = 56*w**2 - 1781*w - 466. Give s(32).
-114
Let i(o) = o**3 + 168*o**2 + 249*o - 173. Determine i(-2).
-7
Let n(x) = x**2 + 224*x + 12357. Give n(-135).
342
Let j(b) = -b**3 + 5*b**2 - 8479*b + 50888. What is j(6)?
-22
Let q(r) = 11*r**2 - 4163*r + 29109. Give q(7).
507
Let v(l) = -l**2 - 40979*l - 3394372. Give v(-83).
-4
Let h(m) = -65330*m - 3593139. Give h(-55).
11
Let d(y) = 2*y**2 + 182*y - 24. Determine d(-91).
-24
Let p(s) = s**2 - 3159*s + 2164706. Give p(1005).
-64
Let m(q) = 6*q**3 - 4*q**2 - 84*q + 24. What is m(4)?
8
Let p(c) = 2*c**3 + 147*c**2 + 803*c - 4572. Calculate p(-67).
-16
Let s(d) = -2715*d - 129942. Determine s(-48).
378
Let v(g) = -g**3 + 53*g**2 - 382*g + 420. Calculate v(7).
0
Let g(m) = 4*m**2 + 74*m + 402. What is g(-11)?
72
Let z(s) = s**3 - 30*s**2 - 345*s - 24. What is z(-9)?
-78
Let h(t) = -t**2 - 1013*t + 11138. What is h(11)?
-126
Let c(w) = 81655*w + 8083846. Determine c(-99).
1
Let f(r) = 7694*r - 4816429. Determine f(626).
15
Let a(s) = 178*s**2 - 453*s - 2177. Give a(5).
8
Let u(a) = 12*a**2 - 983*a + 7793. Calculate u(73).
-18
Let a(q) = -q**2 + 33746*q - 640839. Determine a(19).
-26
Let t(a) = a**2 - 99*a + 167. Determine t(18).
-1291
Let p(m) = -12*m**2 - 762*m - 5808. Determine p(-56).
-768
Let t(d) = -48*d + 8157. Calculate t(170).
-3
Let f(z) = 2*z**2 - 452*z - 20041. What is f(-40)?
1239
Let s(g) = g**2 - 3732*g + 292163. What is s(80)?
3
Let o(z) = z**3 + 7*z**2 + 99*z + 828. Calculate o(-8).
-28
Let f(h) = 2127*h - 15293. Determine f(7).
-404
Let u(o) = o**2 + 4477*o - 267634. Calculate u(59).
-10
Let l(k) = -k**3 - 14*k**2 + 136*k + 256. Give l(-20).
-64
Let c(s) = -s**3 + 64*s**2 + 1876*s - 223. Calculate c(-22).
129
Let x(u) = -u**2 - 4040*u - 466654. Calculate x(-119).
-55
Let y(p) = p**2 - 65670*p - 394007. Determine y(-6).
49
Let t(i) = 206966*i - 5588104. Calculate t(27).
-22
Let v(i) = -75*i**2 + 477*i - 135. Give v(6).
27
Let o(x) = 69*x**2 - 5038*x - 1457. Calculate o(73).
-1530
Let i(r) = 68*r + 1185. Calculate i(-25).
-515
Let o(m) = -26*m**2 + 918*m + 37020. Calculate o(-24).
12
Let y(n) = 12780*n - 115017. Calculate y(9).
3
Let b(k) = 3364*k + 99466. Give b(-28).
5274
Let z(u) = -3*u**2 + 1551*u - 137818. Determine z(114).
8
Let j(a) = -537*a + 422102. What is j(786)?
20
Let a(g) = 6886*g + 144627. What is a(-21)?
21
Let q(y) = -50*y - 2173. Determine q(-34).
-473
Let q(k) = 985*k**2 - 30532*k + 113. Give q(31).
206
Let p(x) = -96*x**2 + 577*x + 1528. What is p(8)?
0
Let a(y) = -y**3 + 60*y**2 - 15*y + 400. Give a(60).
-500
Let q(n) = -122575*n - 1225753. What is q(-10)?
-3
Let z(m) = -8*m**2 + 44*m + 1385. Calculate z(26).
-2879
Let y(u) = u**3 - 46*u**2 + 296*u - 96. Give y(42).
5280
Let w(y) = -122*y**3 - 3*y**2 - 193*y - 374. What is w(-2)?
976
Let y(h) = h**3 - 1449*h**2 + 45380*h - 51012. Give y(1417).
0
Let h(j) = 36164*j - 144605. Calculate h(4).
51
Let h(d) = -10379*d + 41230. Determine h(4).
-286
Let g(w) = w**3 + 363*w**2 + 22024*w + 911. Give g(-286).
339
Let j(f) = 1022990*f + 6138014. Give j(-6).
74
Let k(v) = 18*v**3 + 177*v**2 - 27*v + 4. Calculate k(-10).
-26
Let w(c) = -34*c**2 - 991*c + 868. Give w(-30).
-2
Let v(c) = 4*c**2 + 2042*c + 5296. What is v(-508)?
216
Let o(g) = g**3 + 30*g**2 - 3847*g + 12256. Give o(-80).
16
Let i(u) = 36*u**3 + u**2 - 4*u - 292. Calculate i(0).
-292
Let u(x) = -2448*x - 48894. Calculate u(-20).
66
Let d(w) = -7690*w - 930497. Determine d(-121).
-7
Let l(n) =